{"id":122,"date":"2024-02-21T15:27:57","date_gmt":"2024-02-21T14:27:57","guid":{"rendered":"https:\/\/vupes.fr\/wp\/?page_id=122"},"modified":"2024-03-03T16:03:51","modified_gmt":"2024-03-03T15:03:51","slug":"communiques-de-presse","status":"publish","type":"page","link":"https:\/\/gep-valence.fr\/?page_id=122","title":{"rendered":"Communiqu\u00e9s de Presse"},"content":{"rendered":"\n<ul class=\"wp-block-list\"><\/ul>\n\n\n\n<div class=\"wp-block-columns is-layout-flex wp-container-core-columns-is-layout-9d6595d7 wp-block-columns-is-layout-flex\">\n<div class=\"wp-block-column is-layout-flow wp-block-column-is-layout-flow\" style=\"flex-basis:100%\">\n<div class=\"wp-block-group\"><div class=\"wp-block-group__inner-container is-layout-constrained wp-block-group-is-layout-constrained\"><ul class=\"wp-block-latest-posts__list has-dates has-author wp-block-latest-posts\"><li><div class=\"wp-block-latest-posts__featured-image\"><img loading=\"lazy\" decoding=\"async\" width=\"150\" height=\"150\" src=\"https:\/\/gep-valence.fr\/wp-content\/uploads\/2026\/04\/11111-150x150.jpg\" class=\"attachment-thumbnail size-thumbnail wp-post-image\" alt=\"\" style=\"\" \/><\/div><a class=\"wp-block-latest-posts__post-title\" href=\"https:\/\/gep-valence.fr\/?p=1326\">Silence inqui\u00e9tant de Nicolas Daragon face aux vagues racistes contre Bally Bagayoko \u00e0 Saint-Denis-Pierrefitte<\/a><div class=\"wp-block-latest-posts__post-author\">par Notre Equipe<\/div><time datetime=\"2026-04-17T11:16:05+02:00\" class=\"wp-block-latest-posts__post-date\">17 avril 2026<\/time><div class=\"wp-block-latest-posts__post-excerpt\">Depuis plusieurs jours, Bally Bagayoko, maire de Saint-Denis-Pierrefitte, subit des attaques racistes d\u2019une gravit\u00e9 inacceptable. Face \u00e0 ces vagues de haine, une r\u00e9action claire et solidaire de la part des \u00e9lus de la R\u00e9publique est indispensable.Pourtant, nous d\u00e9plorons le silence de Nicolas Daragon, maire de Valence et pr\u00e9sident de l\u2019Association des Maires de la Dr\u00f4me. &hellip;<\/div><\/li>\n<li><div class=\"wp-block-latest-posts__featured-image\"><img loading=\"lazy\" decoding=\"async\" width=\"150\" height=\"150\" src=\"https:\/\/gep-valence.fr\/wp-content\/uploads\/2026\/01\/visuel-Magnin-drapeau-europeen-150x150.png\" class=\"attachment-thumbnail size-thumbnail wp-post-image\" alt=\"\" style=\"\" \/><\/div><a class=\"wp-block-latest-posts__post-title\" href=\"https:\/\/gep-valence.fr\/?p=1294\">Drapeau europ\u00e9en retir\u00e9 \u00e0 Valence : l\u2019hypocrisie, le double discours et le coup de communication rat\u00e9 de Nicolas Daragon<\/a><div class=\"wp-block-latest-posts__post-author\">par Stephane Magnin<\/div><time datetime=\"2026-01-15T11:51:17+01:00\" class=\"wp-block-latest-posts__post-date\">15 janvier 2026<\/time><div class=\"wp-block-latest-posts__post-excerpt\">En retirant mardi le drapeau europ\u00e9en de la fa\u00e7ade de la mairie de Valence, Nicolas Daragon a voulu cr\u00e9er un \u00e9lectrochoc m\u00e9diatique.\u00a0 Il ne s\u2019agit en r\u00e9alit\u00e9 que d\u2019un mauvais coup de communication, aussi spectaculaire que mensonger,\u00a0en totale contradiction avec ses actes politiques r\u00e9els. Car pendant que le maire de Valence joue la carte de &hellip;<\/div><\/li>\n<li><a class=\"wp-block-latest-posts__post-title\" href=\"https:\/\/gep-valence.fr\/?p=1252\">Grand froid \u00e0 Valence : des personnes \u00e0 la rue, une situation inadmissible<\/a><div class=\"wp-block-latest-posts__post-author\">par Stephane Magnin<\/div><time datetime=\"2025-12-30T13:56:03+01:00\" class=\"wp-block-latest-posts__post-date\">30 d\u00e9cembre 2025<\/time><div class=\"wp-block-latest-posts__post-excerpt\">En cette p\u00e9riode de f\u00eates de fin d&rsquo;ann\u00e9e, alors que les temp\u00e9ratures chutent dangereusement \u00e0 Valence, des femmes et des hommes dorment encore dans nos rues. Cette r\u00e9alit\u00e9 est intol\u00e9rable pour notre ville, inacceptable pour notre pays. Une urgence humanitaire qui exige une r\u00e9ponse imm\u00e9diate Chaque nuit pass\u00e9e dehors par grand froid met des vies &hellip;<\/div><\/li>\n<li><a class=\"wp-block-latest-posts__post-title\" href=\"https:\/\/gep-valence.fr\/?p=1244\">Programmation municipale du spectacle Historock \u2013 Demande de r\u00e9examen au nom du principe de neutralit\u00e9<\/a><div class=\"wp-block-latest-posts__post-author\">par Malika Kara-Laouar<\/div><time datetime=\"2025-12-12T10:52:05+01:00\" class=\"wp-block-latest-posts__post-date\">12 d\u00e9cembre 2025<\/time><div class=\"wp-block-latest-posts__post-excerpt\">Nous demandons le r\u00e9 examen de la programmation culturelle municipale de janvier, et plus particuli\u00e8rement du spectacle Historock, programm\u00e9 le 15 janvier au th\u00e9\u00e2tre municipal.Cette pi\u00e8ce, largement contest\u00e9e par des syndicats d\u2019enseignants et des historiens, b\u00e9n\u00e9ficie d\u2019un financement public pour \u00eatre accueillie dans un \u00e9quipement communal. Cette situation n\u00e9cessite, selon nous, une vigilance particuli\u00e8re.Notre propos &hellip;<\/div><\/li>\n<li><a class=\"wp-block-latest-posts__post-title\" href=\"https:\/\/gep-valence.fr\/?p=1227\">Datacenter de Rovaltain : une menace pour notre environnement sans aucune consultation, sans aucune garantie v\u00e9ritable<\/a><div class=\"wp-block-latest-posts__post-author\">par Stephane Magnin<\/div><time datetime=\"2025-12-05T09:25:27+01:00\" class=\"wp-block-latest-posts__post-date\">5 d\u00e9cembre 2025<\/time><div class=\"wp-block-latest-posts__post-excerpt\">Valence, le 3 D\u00e9cembre 2025 \u2013 Nous apprenons par la presse : Nicolas Daragon se f\u00e9licite d&rsquo;un datacenter trois fois plus grand que pr\u00e9vu sur le site de Rovaltain. Apr\u00e8s 30 millions d&rsquo;euros perdus avec le p\u00f4le Ecotox, apr\u00e8s l&rsquo;\u00e9chec M\u00e9rieux, les \u00e9lus Les R\u00e9publicains s&rsquo;\u00e9merveillent encore dans la continuit\u00e9 des pr\u00e9c\u00e9dents \u00e9lus PS (P\u00f4le &hellip;<\/div><\/li>\n<\/ul><\/div><\/div>\n<\/div>\n<\/div>\n","protected":false},"excerpt":{"rendered":"","protected":false},"author":1,"featured_media":0,"parent":0,"menu_order":0,"comment_status":"closed","ping_status":"closed","template":"","meta":{"iawp_total_views":385,"footnotes":""},"class_list":["post-122","page","type-page","status-publish","hentry"],"_links":{"self":[{"href":"https:\/\/gep-valence.fr\/index.php?rest_route=\/wp\/v2\/pages\/122","targetHints":{"allow":["GET"]}}],"collection":[{"href":"https:\/\/gep-valence.fr\/index.php?rest_route=\/wp\/v2\/pages"}],"about":[{"href":"https:\/\/gep-valence.fr\/index.php?rest_route=\/wp\/v2\/types\/page"}],"author":[{"embeddable":true,"href":"https:\/\/gep-valence.fr\/index.php?rest_route=\/wp\/v2\/users\/1"}],"replies":[{"embeddable":true,"href":"https:\/\/gep-valence.fr\/index.php?rest_route=%2Fwp%2Fv2%2Fcomments&post=122"}],"version-history":[{"count":4,"href":"https:\/\/gep-valence.fr\/index.php?rest_route=\/wp\/v2\/pages\/122\/revisions"}],"predecessor-version":[{"id":167,"href":"https:\/\/gep-valence.fr\/index.php?rest_route=\/wp\/v2\/pages\/122\/revisions\/167"}],"wp:attachment":[{"href":"https:\/\/gep-valence.fr\/index.php?rest_route=%2Fwp%2Fv2%2Fmedia&parent=122"}],"curies":[{"name":"wp","href":"https:\/\/api.w.org\/{rel}","templated":true}]}}