{"id":110,"date":"2024-02-21T14:35:57","date_gmt":"2024-02-21T13:35:57","guid":{"rendered":"https:\/\/vupes.fr\/wp\/?page_id=110"},"modified":"2024-03-03T16:07:21","modified_gmt":"2024-03-03T15:07:21","slug":"activites-muncipales","status":"publish","type":"page","link":"https:\/\/gep-valence.fr\/?page_id=110","title":{"rendered":"Activit\u00e9s Municipales"},"content":{"rendered":"\n<p>Retrouver sur cette page, toutes nos interventions et nos actions au niveau du Conseil Municipal<\/p>\n\n\n\n<div class=\"wp-block-media-text is-stacked-on-mobile\"><figure class=\"wp-block-media-text__media\"><img loading=\"lazy\" decoding=\"async\" width=\"1024\" height=\"683\" src=\"https:\/\/gep-valence.fr\/wp-content\/uploads\/2024\/02\/103-points-etaient-a-l-ordre-du-jours-du-conseil-municipal-de-valence-le-soir-du-28-juin-photo-archives-le-dl-f-fays-1624991744-1024x683.jpg\" alt=\"\" class=\"wp-image-115 size-full\" srcset=\"https:\/\/gep-valence.fr\/wp-content\/uploads\/2024\/02\/103-points-etaient-a-l-ordre-du-jours-du-conseil-municipal-de-valence-le-soir-du-28-juin-photo-archives-le-dl-f-fays-1624991744-1024x683.jpg 1024w, https:\/\/gep-valence.fr\/wp-content\/uploads\/2024\/02\/103-points-etaient-a-l-ordre-du-jours-du-conseil-municipal-de-valence-le-soir-du-28-juin-photo-archives-le-dl-f-fays-1624991744-300x200.jpg 300w, https:\/\/gep-valence.fr\/wp-content\/uploads\/2024\/02\/103-points-etaient-a-l-ordre-du-jours-du-conseil-municipal-de-valence-le-soir-du-28-juin-photo-archives-le-dl-f-fays-1624991744-768x512.jpg 768w, https:\/\/gep-valence.fr\/wp-content\/uploads\/2024\/02\/103-points-etaient-a-l-ordre-du-jours-du-conseil-municipal-de-valence-le-soir-du-28-juin-photo-archives-le-dl-f-fays-1624991744-1536x1024.jpg 1536w, https:\/\/gep-valence.fr\/wp-content\/uploads\/2024\/02\/103-points-etaient-a-l-ordre-du-jours-du-conseil-municipal-de-valence-le-soir-du-28-juin-photo-archives-le-dl-f-fays-1624991744-359x239.jpg 359w, https:\/\/gep-valence.fr\/wp-content\/uploads\/2024\/02\/103-points-etaient-a-l-ordre-du-jours-du-conseil-municipal-de-valence-le-soir-du-28-juin-photo-archives-le-dl-f-fays-1624991744.jpg 1600w\" sizes=\"auto, (max-width: 1024px) 100vw, 1024px\" \/><\/figure><div class=\"wp-block-media-text__content\">\n<p><\/p>\n\n\n\n<p><a href=\"https:\/\/gep-valence.fr\/?cat=5\">Contribution au Journal Municipal<\/a><\/p>\n\n\n\n<p><a href=\"https:\/\/gep-valence.fr\/?cat=6\" target=\"_blank\" rel=\"noreferrer noopener\">Interventions au Conseil Municipal<\/a><\/p>\n\n\n\n<p><a href=\"https:\/\/gep-valence.fr\/?cat=7\">Voeux du groupe GEP<\/a><\/p>\n\n\n\n<p><\/p>\n<\/div><\/div>\n\n\n\n<div data-wp-context=\"{}\" data-wp-interactive=\"core\/query\" data-wp-key=\"29\" data-wp-router-region=\"query-29\" class=\"wp-block-query is-layout-flow wp-block-query-is-layout-flow\"><\/div>\n\n\n<ul class=\"wp-block-latest-posts__list has-dates has-author wp-block-latest-posts\"><li><a class=\"wp-block-latest-posts__post-title\" href=\"https:\/\/gep-valence.fr\/?p=1248\">Prendre soin de notre sant\u00e9 mentale collective : un enjeu pour Valence<\/a><div class=\"wp-block-latest-posts__post-author\">par Stephane Magnin<\/div><time datetime=\"2025-12-30T10:57:31+01:00\" class=\"wp-block-latest-posts__post-date\">30 d\u00e9cembre 2025<\/time><div class=\"wp-block-latest-posts__post-excerpt\">Les chiffres sont sans appel : notre soci\u00e9t\u00e9 ne va pas bien. \u00c0 Valence, le diagnostic du Contrat Local de Sant\u00e9 le confirme : 1 adulte sur 3 pr\u00e9sente au moins un trouble de sant\u00e9 mentale, pr\u00e8s d&rsquo;1 Valentinois sur 5 est sous traitement psychotrope. Les arr\u00eats maladie pour \u00e9puisement professionnel explosent, les files d&rsquo;attente &hellip;<\/div><\/li>\n<li><div class=\"wp-block-latest-posts__featured-image\"><img loading=\"lazy\" decoding=\"async\" width=\"150\" height=\"150\" src=\"https:\/\/gep-valence.fr\/wp-content\/uploads\/2025\/06\/Palestine-150x150.jpg\" class=\"attachment-thumbnail size-thumbnail wp-post-image\" alt=\"\" style=\"\" \/><\/div><a class=\"wp-block-latest-posts__post-title\" href=\"https:\/\/gep-valence.fr\/?p=1162\">Jumelage avec la Palestine<\/a><div class=\"wp-block-latest-posts__post-author\">par Stephane Magnin<\/div><time datetime=\"2025-10-31T10:58:34+01:00\" class=\"wp-block-latest-posts__post-date\">31 octobre 2025<\/time><div class=\"wp-block-latest-posts__post-excerpt\">Le Groupe Gauche \u00c9cologiste et Populaire pr\u00e9sentera, lors du Conseil municipal du lundi 3 novembre 2025, un v\u0153u appelant la Ville de Valence \u00e0 engager une d\u00e9marche de jumelage avec une ville palestinienne ou un camp de r\u00e9fugi\u00e9s palestiniens.Cette initiative s\u2019inscrit dans une dynamique de solidarit\u00e9 internationale et fait \u00e9cho \u00e0 la reconnaissance officielle de &hellip;<\/div><\/li>\n<li><div class=\"wp-block-latest-posts__featured-image\"><img loading=\"lazy\" decoding=\"async\" width=\"150\" height=\"150\" src=\"https:\/\/gep-valence.fr\/wp-content\/uploads\/2025\/09\/Un-escalier-monumental-a-Valence-150x150.png\" class=\"attachment-thumbnail size-thumbnail wp-post-image\" alt=\"\" style=\"\" \/><\/div><a class=\"wp-block-latest-posts__post-title\" href=\"https:\/\/gep-valence.fr\/?p=1136\">V\u0153u pour la suspension imm\u00e9diate du chantier de l&rsquo;escalier monumental et r\u00e9vision du projet dans le respect du patrimoine et de l&rsquo;accessibilit\u00e9.<\/a><div class=\"wp-block-latest-posts__post-author\">par Jimmy LEVACHER<\/div><time datetime=\"2025-10-01T15:16:34+02:00\" class=\"wp-block-latest-posts__post-date\">1 octobre 2025<\/time><div class=\"wp-block-latest-posts__post-excerpt\"><\/div><\/li>\n<li><div class=\"wp-block-latest-posts__featured-image\"><img loading=\"lazy\" decoding=\"async\" width=\"150\" height=\"150\" src=\"https:\/\/gep-valence.fr\/wp-content\/uploads\/2025\/06\/0626-Final-Cover-150x150.jpg\" class=\"attachment-thumbnail size-thumbnail wp-post-image\" alt=\"\" style=\"\" \/><\/div><a class=\"wp-block-latest-posts__post-title\" href=\"https:\/\/gep-valence.fr\/?p=899\">Double jeu \u00e0 Valence : charte anti-pesticides en fa\u00e7ade, soutien aux n\u00e9onicotino\u00efdes en coulisse<\/a><div class=\"wp-block-latest-posts__post-author\">par Stephane Magnin<\/div><time datetime=\"2025-06-24T15:38:05+02:00\" class=\"wp-block-latest-posts__post-date\">24 juin 2025<\/time><div class=\"wp-block-latest-posts__post-excerpt\">Le maire LR de Valence signe une charte environnementale tout en soutenant une loi qui r\u00e9autorise les pesticides \u00ab\u00a0tueurs d&rsquo;abeilles\u00a0\u00bb.Alors que Monsieur Daragon, maire LR de Valence, s&rsquo;appr\u00eate \u00e0 signer en grande pompe la charte d&rsquo;engagement \u00ab\u00a0Villes &amp; Territoires sans perturbateurs endocriniens\u00a0\u00bb, son parti politique vote simultan\u00e9ment pour la r\u00e9autorisation des n\u00e9onicotino\u00efdes avec la proposition &hellip;<\/div><\/li>\n<li><div class=\"wp-block-latest-posts__featured-image\"><img loading=\"lazy\" decoding=\"async\" width=\"150\" height=\"150\" src=\"https:\/\/gep-valence.fr\/wp-content\/uploads\/2025\/06\/photo_2025-06-17_09-46-55-150x150.jpg\" class=\"attachment-thumbnail size-thumbnail wp-post-image\" alt=\"\" style=\"\" \/><\/div><a class=\"wp-block-latest-posts__post-title\" href=\"https:\/\/gep-valence.fr\/?p=888\">V\u0152U RELATIF \u00c0 LA RECONNAISSANCE DES MASSACRES DU 8 MAI 1945 EN ALG\u00c9RIE<\/a><div class=\"wp-block-latest-posts__post-author\">par Malika Kara-Laouar<\/div><time datetime=\"2025-06-21T08:00:00+02:00\" class=\"wp-block-latest-posts__post-date\">21 juin 2025<\/time><div class=\"wp-block-latest-posts__post-excerpt\">Voici le voeu que nous pr\u00e9senterons au Conseil municipal de Valence \u2013 S\u00e9ance du 23 juin 2025 En 2025, \u00e0 l\u2019occasion des comm\u00e9morations du 19 mars 1962, Mme Patricia Mirall\u00e8s, ministre d\u00e9l\u00e9gu\u00e9e charg\u00e9e de la M\u00e9moire et des Anciens combattants, appelait \u00e0 ce que la m\u00e9moire soit \u00ab la lumi\u00e8re qui \u00e9claire les g\u00e9n\u00e9rations pr\u00e9sentes &hellip;<\/div><\/li>\n<\/ul>","protected":false},"excerpt":{"rendered":"<p>Retrouver sur cette page, toutes nos interventions et nos actions au niveau du Conseil Municipal Contribution au Journal Municipal Interventions au Conseil Municipal Voeux du &hellip;<\/p>\n","protected":false},"author":1,"featured_media":0,"parent":0,"menu_order":1,"comment_status":"closed","ping_status":"closed","template":"","meta":{"iawp_total_views":201,"footnotes":""},"class_list":["post-110","page","type-page","status-publish","hentry"],"_links":{"self":[{"href":"https:\/\/gep-valence.fr\/index.php?rest_route=\/wp\/v2\/pages\/110","targetHints":{"allow":["GET"]}}],"collection":[{"href":"https:\/\/gep-valence.fr\/index.php?rest_route=\/wp\/v2\/pages"}],"about":[{"href":"https:\/\/gep-valence.fr\/index.php?rest_route=\/wp\/v2\/types\/page"}],"author":[{"embeddable":true,"href":"https:\/\/gep-valence.fr\/index.php?rest_route=\/wp\/v2\/users\/1"}],"replies":[{"embeddable":true,"href":"https:\/\/gep-valence.fr\/index.php?rest_route=%2Fwp%2Fv2%2Fcomments&post=110"}],"version-history":[{"count":10,"href":"https:\/\/gep-valence.fr\/index.php?rest_route=\/wp\/v2\/pages\/110\/revisions"}],"predecessor-version":[{"id":350,"href":"https:\/\/gep-valence.fr\/index.php?rest_route=\/wp\/v2\/pages\/110\/revisions\/350"}],"wp:attachment":[{"href":"https:\/\/gep-valence.fr\/index.php?rest_route=%2Fwp%2Fv2%2Fmedia&parent=110"}],"curies":[{"name":"wp","href":"https:\/\/api.w.org\/{rel}","templated":true}]}}